 remainder when j is divided by 1 + 1 + 0 + 7?
7
Let x be (-10)/25 - 2/(-5). Let n = 14 - x. Suppose -2*v + 7 = 3*a, -5*v - 2*a + n = 2*a. Calculate the remainder when 3 is divided by v.
1
Let b be 0/1 + 2 - -1. Suppose b*c - 4*x - 39 = 0, 3*c - 11 = -3*x + 7. What is the remainder when c is divided by 5?
4
Suppose 3 - 23 = 2*d - 5*j, 2*j = 8. Let y be (4 - 1) + (d - 1). Suppose 3*o - 18 = y*i + 8, -2*o = -4*i - 20. What is the remainder when 22 is divided by o?
6
Suppose s + 0*s = 68. What is the remainder when s is divided by 23?
22
Calculate the remainder when 60 is divided by ((-42)/8)/(11/(-44)).
18
Let h be (-4)/((12/10)/3). Let q(c) = c**3 + 10*c**2 - c. Calculate the remainder when q(h) is divided by 4.
2
Let o(r) = r**3 + 6*r**2 + 6*r + 19. What is the remainder when 58 is divided by o(-5)?
2
Suppose 3*u - 97 = -u - t, 0 = -2*u + 4*t + 26. Let y = -7 + 19. What is the remainder when u is divided by y?
11
Suppose -2*v + 186 = 4*x, 2*x + 2*v - 146 = -50. Suppose -2*k + x = k. Calculate the remainder when 57 is divided by k.
12
Suppose p + 11 = 2*p. Let x = p - 5. Suppose -2*f = -5*f + 33. Calculate the remainder when f is divided by x.
5
Suppose 3*p - 67 = 35. What is the remainder when p is divided by (-2)/9 - 166/(-18)?
7
Suppose 9*j - 13*j = -24. Calculate the remainder when 11 is divided by j.
5
Suppose -c - 4*n - 15 = 0, 4*c - 8*c = 5*n + 27. What is the remainder when (c - -4)/((-1)/(-56)) is divided by 15?
11
What is the remainder when 53 is divided by 3/(-2) + 272/32?
4
Suppose -2*x - 60 = 3*d - 8*d, -4*x - 8 = -2*d. What is the remainder when 38 is divided by d?
10
Calculate the remainder when (-23 - 1)/(48/(-128)) is divided by 13.
12
Let t(j) = j**2 + j. Let m be t(0). Suppose m = -x - 3*s + 17, 0 = 4*x - 4*s - 144 + 28. Let d = x + -14. Calculate the remainder when d is divided by 7.
5
Suppose 0 = 6*v - 5*v - 5. Suppose v*p - 3*i - 60 = 0, 0*i - 4*i = 5*p - 60. Calculate the remainder when 23 is divided by p.
11
Suppose -3*r = -5*o + 165, -113 = -3*o - 0*r - r. Suppose t + 2*t = o. Calculate the remainder when t is divided by 5.
2
Let t = 189 + -171. Calculate the remainder when 32 is divided by t.
14
Suppose 18 = -c + 4*o - 2, 20 = -3*c + 2*o. Calculate the remainder when 70/c*22/(-11) is divided by 12.
11
Let d be 1*-1*(-8 - -117). Let b = -69 - d. What is the remainder when b is divided by 2 + (21 + -2 - 0)?
19
Let m be 3 + (0 - 2) + 1. Calculate the remainder when 25 is divided by m/(-3)*(-39)/2.
12
Let l = 13 + -11. Suppose -l*j - d + 54 = j, 3*d = 3*j - 54. Calculate the remainder when j is divided by 7.
4
Let n(m) = 88*m**3 + m**2 - m + 1. Calculate the remainder when n(1) is divided by 15.
14
Let o(y) = 2*y**2 + 6*y + 6. Let t be o(-4). Calculate the remainder when 37 is divided by ((-2)/(-3))/(t/273).
11
Suppose -13*s + 4*s = -288. Calculate the remainder when 127 is divided by s.
31
Let h be (1/(-3))/(2/6). What is the remainder when 11 is divided by ((h - -9) + -2)/2?
2
Let i = -95 + 55. Let x be (i/12)/(2/6). Calculate the remainder when 49 is divided by (-2)/(-5) + (-166)/x.
15
Let y = 9 - 15. Let h be 2/y*-3*-3. Let c(r) = -r**3 - 4*r + 1. Calculate the remainder when c(h) is divided by 21.
19
Suppose 3*z = -5*f + 29, 2*z + 3*z - 11 = f. Let u = -3 + z. Suppose 70 = 5*w - u*w. Calculate the remainder when 40 is divided by w.
12
Suppose 3*t = a - 72, 4*t - 138 = -2*a - 44. What is the remainder when a is divided by 30?
27
Suppose -3*z = -331 - 122. Let n(v) = -12*v - 34. Calculate the remainder when z is divided by n(-6).
37
Calculate the remainder when 71 is divided by ((-36)/7)/(18/(-63)).
17
Suppose 0 = -12*t + 17*t. Suppose t = -4*m - 0*m + 80. What is the remainder when 79 is divided by m?
19
Let r(p) = -p**3 + 5*p**2 + p - 1. Let f be r(5). Suppose f*i = 5 + 3. Let y(s) = 8*s**3 - s**2 + 1. Calculate the remainder when y(i) is divided by 16.
13
Let v(t) = 3*t**2 - 2*t - 4. Let n(p) = -2*p - 4. Let i be n(-4). Calculate the remainder when v(i) is divided by 10.
6
Suppose -3*c - 119 + 317 = 0. Calculate the remainder when c is divided by 17.
15
Suppose -2*x = -4*x + 3*t + 4, -2*x - 3*t + 4 = 0. Let h = -11 + 13. What is the remainder when x is divided by h?
0
Suppose -4*x + 34 = 2*v - 54, 2*v - 111 = -5*x. Calculate the remainder when 68 is divided by x.
22
Suppose -h - 3*o = -o - 38, -5*h + 145 = -5*o. What is the remainder when h is divided by 11?
10
Suppose 0 = -2*f - 3*f. Suppose -s = 4*d - 12, f*d + 5*d + 10 = 5*s. Calculate the remainder when 2 is divided by d.
0
Suppose -4*s - 3 = -19. Suppose -3*a + 62 = -4*z, s*z + 26 = 2*a - a. What is the remainder when 52 is divided by a?
16
Suppose -9*q = -10*q + 16. What is the remainder when 61 is divided by q?
13
Suppose 1 = -2*i + 63. Let z = -19 + i. Calculate the remainder when 57 is divided by z.
9
Let k(b) = b + 7. Let p be k(-3). Let h be 15/10 + 2/p. Suppose 13 = h*u + 5*l, 2*u + 3*u - 3*l - 79 = 0. Calculate the remainder when 40 is divided by u.
12
Let i = -6 - -8. Let v(m) = 2*m**3 - 3*m**2 + 4*m - 3. Suppose n = 3*n - 3*y - 43, 5*n - 2*y - 124 = 0. What is the remainder when n is divided by v(i)?
8
Let s = 30 - -16. Suppose 324 = -12*x + 39*x. What is the remainder when s is divided by x?
10
Suppose -2*p = -24 - 28. What is the remainder when p is divided by 15?
11
Let c(t) = 5*t + 1. Let v(m) = -26*m - 5. Let i(g) = 11*c(g) + 2*v(g). Calculate the remainder when i(10) is divided by 8.
7
Let h = -1 + 4. Let z be ((-18)/(-15))/(h/70). Suppose -5*o + z + 152 = 0. Calculate the remainder when o is divided by 13.
10
Let f = -44 - -73. Calculate the remainder when f is divided by 16.
13
Suppose 29 = 2*r + 5*h, -3*h - 17 = -r - 8*h. What is the remainder when 17 is divided by r?
5
Suppose -5*m + m + 62 = -2*j, -j - 76 = -5*m. What is the remainder when 27 is divided by m?
12
Suppose -4*j = d - 5*d, 0 = -4*j + 3*d. Let o be 0/(j + 2) - -79. Let w = o - 39. What is the remainder when w is divided by 14?
12
Suppose 3*p - 3*w = 162, 5*p - 3*w = -82 + 352. Let q = p + -22. What is the remainder when q is divided by 17?
15
Suppose 2*q = 4*q - 18. Suppose 0*g + 34 = 2*g - v, 29 = 3*g + 4*v. Calculate the remainder when 158/10 - (-3)/g is divided by q.
7
Let d(t) = -t - 4. Let i be d(-6). Suppose 0 = -i*p - 5*h + 19, -4*p + 5*h + 108 = h. What is the remainder when p is divided by 8?
6
Calculate the remainder when 2/10 - (-312)/40 is divided by -3*(-2 + (3 - 2)).
2
Let l(b) = -b**2 - 6*b - 5. Let g be l(-4). Suppose 0 = -2*d, -24 = -g*f - 7*d + 3*d. Calculate the remainder when f is divided by 3.
2
Let w = 8 - -26. What is the remainder when w is divided by 12?
10
Let g(y) = -y - 6 + 4 + 21. Calculate the remainder when g(0) is divided by 11.
8
Suppose -2*y + 16 = -6. What is the remainder when 42 is divided by y?
9
Let o(f) = f**3 - 8*f**2 - 6*f - 5. Let d be o(9). Let l = d - 16. What is the remainder when 21 is divided by l?
3
Let c(r) = r**2 - 5*r - 2. Let f be c(8). Let z = -12 + f. Suppose -g - 23 = -5*h, -2*h - 3*g + 5 = -2*g. Calculate the remainder when z is divided by h.
2
Suppose -4*u - 5*h = -512, -3*u + 7*u = h + 488. Calculate the remainder when u is divided by 14.
11
Suppose 0 = 2*b + b - 5*t - 35, 0 = -b - t + 1. Suppose -2*j + 5 = -b. Suppose w - 3*x = 4, 0*x = 4*w - j*x - 30. What is the remainder when 19 is divided by w?
9
Suppose 7*q - 8*q + 5 = 0. Calculate the remainder when 6 is divided by q.
1
Let w(c) = c**2 - 2*c + 4. Suppose -4*h - f + 15 = 0, -h = -3*f - 0 - 20. Suppose 0 = h*s - s - 60. What is the remainder when w(6) is divided by s?
13
Suppose 4*z = 2*o + o + 5, 4*z + 4*o + 16 = 0. Let v(q) = -17*q. What is the remainder when v(z) is divided by 6?
5
Let w be -2*3/6 + -8. Let b = w - -18. What is the remainder when 17 is divided by b?
8
Let y = -4 + 5. Suppose h = 14 - y. Calculate the remainder when 38 is divided by h.
12
Suppose 3*o + 0*o - 4*z = 227, -5*o + 3*z + 371 = 0. Calculate the remainder when o is divided by 19.
16
Suppose -75 = -3*f + 90. Suppose 8*m = 9*m - f. Calculate the remainder when m is divided by 14.
13
Let o(m) be the first derivative of -19*m**4/4 - m**2/2 + 7. Calculate the remainder when 58 is divided by o(-1).
18
Let z be (1*-8)/(-7 + 5). Suppose 13 = z*p - 47. Let a = 107 + -63. Calculate the remainde